ase 6?
40
-79 (base 11) to base 6
-222
Convert 32 (base 16) to base 10.
50
-10 (base 11) to base 7
-14
What is -2 (base 16) in base 7?
-2
What is 101 (base 5) in base 15?
1b
Convert -41 (base 5) to base 4.
-111
Convert 34 (base 5) to base 3.
201
Convert 66 (base 9) to base 2.
111100
Convert 20 (base 5) to base 14.
a
Convert -35 (base 12) to base 10.
-41
Convert 12 (base 9) to base 6.
15
-5 (base 6) to base 11
-5
421 (base 5) to base 16
6f
What is 0 (base 8) in base 14?
0
-10 (base 2) to base 16
-2
What is 34 (base 10) in base 6?
54
What is -100111 (base 2) in base 13?
-30
What is 1 (base 14) in base 4?
1
Convert -10 (base 3) to base 14.
-3
What is -4 (base 5) in base 9?
-4
-24 (base 12) to base 4
-130
-10201 (base 3) to base 8
-144
Convert -37 (base 11) to base 9.
-44
33 (base 5) to base 9
20
Convert -47 (base 16) to base 3.
-2122
Convert 10111111 (base 2) to base 3.
21002
What is 21 (base 14) in base 16?
1d
Convert 5 (base 16) to base 2.
101
What is 0 (base 3) in base 2?
0
-83 (base 11) to base 13
-70
What is 30 (base 5) in base 10?
15
-3 (base 11) to base 16
-3
Convert -16 (base 13) to base 10.
-19
-10 (base 3) to base 10
-3
Convert -97 (base 16) to base 4.
-2113
What is 2211 (base 3) in base 12?
64
-64 (base 11) to base 15
-4a
Convert -144 (base 6) to base 13.
-4c
Convert -7 (base 13) to base 6.
-11
What is -2b (base 12) in base 14?
-27
Convert -b (base 16) to base 15.
-b
Convert -36 (base 11) to base 15.
-29
2 (base 5) to base 12
2
What is -1201 (base 4) in base 14?
-6d
Convert 4 (base 10) to base 8.
4
What is -1001 (base 2) in base 11?
-9
Convert -5 (base 16) to base 8.
-5
Convert 2221 (base 3) to base 16.
4f
What is -2 (base 6) in base 11?
-2
-6 (base 9) to base 14
-6
What is -6 (base 9) in base 16?
-6
Convert 3 (base 10) to base 13.
3
35 (base 11) to base 8
46
30 (base 4) to base 9
13
What is -1101001 (base 2) in base 4?
-1221
Convert 532 (base 8) to base 9.
424
Convert 261 (base 9) to base 11.
188
What is -110020 (base 3) in base 14?
-198
What is 227 (base 8) in base 14?
ab
Convert 66 (base 7) to base 15.
33
Convert -7 (base 15) to base 4.
-13
11 (base 7) to base 6
12
What is -43 (base 6) in base 7?
-36
-2 (base 13) to base 5
-2
Convert -130 (base 9) to base 7.
-213
What is -98 (base 10) in base 9?
-118
Convert 22 (base 6) to base 3.
112
What is 4 (base 8) in base 5?
4
What is 6 (base 11) in base 9?
6
-13 (base 4) to base 16
-7
What is 15 (base 9) in base 8?
16
What is 411 (base 5) in base 14?
78
-1000101 (base 2) to base 10
-69
What is 6 (base 13) in base 14?
6
-1010110 (base 2) to base 8
-126
3 (base 4) to base 15
3
156 (base 14) to base 16
110
355 (base 8) to base 14
12d
-15 (base 7) to base 6
-20
Convert 33 (base 10) to base 16.
21
Convert -4 (base 10) to base 15.
-4
What is 0 (base 13) in base 5?
0
96 (base 14) to base 6
340
159 (base 10) to base 2
10011111
Convert -66 (base 11) to base 6.
-200
What is -3 (base 13) in base 14?
-3
Convert 2 (base 15) to base 5.
2
Convert -112 (base 3) to base 12.
-12
-7 (base 15) to base 9
-7
1 (base 7) to base 6
1
What is -15 (base 7) in base 12?
-10
-1 (base 13) to base 2
-1
Convert 11 (base 3) to base 10.
4
a (base 13) to base 7
13
What is -1 (base 8) in base 15?
-1
Convert 10 (base 4) to base 14.
4
Convert -40 (base 10) to base 9.
-44
-4 (base 12) to base 14
-4
What is 110 (base 3) in base 13?
c
-103 (base 7) to base 6
-124
Convert -8 (base 12) to base 9.
-8
What is -41 (base 6) in base 8?
-31
Convert 5 (base 10) to base 2.
101
Convert 11 (base 7) to base 4.
20
What is 4 (base 13) in base 8?
4
Convert -3 (base 6) to base 4.
-3
What is -100 (base 2) in base 8?
-4
What is -100 (base 5) in base 15?
-1a
Convert 133 (base 5) to base 11.
3a
Convert -102 (base 6) to base 12.
-32
What is -102 (base 3) in base 10?
-11
d (base 14) to base 13
10
What is 0 (base 5) in base 9?
0
9 (base 14) to base 2
1001
1e (base 16) to base 8
36
1 (base 3) to base 9
1
Convert 84 (base 11) to base 12.
78
12100 (base 3) to base 15
99
What is -36 (base 14) in base 15?
-33
What is -168 (base 9) in base 3?
-12022
113 (base 8) to base 3
2210
What is 0 (base 4) in base 5?
0
8 (base 12) to base 4
20
Convert 4 (base 16) to base 13.
4
What is -3 (base 13) in base 3?
-10
What is -175 (base 8) in base 12?
-a5
Convert 96 (base 12) to base 13.
8a
1213 (base 6) to base 7
603
What is -10a (base 11) in base 12?
-ab
13 (base 4) to base 11
7
8 (base 13) to base 16
8
Convert 33 (base 13) to base 14.
30
Convert -110 (base 2) to base 8.
-6
Convert -1001101 (base 2) to base 11.
-70
What is 357 (base 8) in base 14?
131
Convert -101 (base 5) to base 13.
-20
What is -1 (base 15) in base 8?
-1
What is 30 (base 5) in base 12?
13
-33 (base 10) to base 4
-201
What is -32 (base 4) in base 9?
-15
Convert -3 (base 16) to base 9.
-3
10 (base 12) to base 10
12
What is -5 (base 8) in base 2?
-101
-3 (base 12) to base 6
-3
Convert 101 (base 2) to base 3.
12
Convert -132 (base 4) to base 3.
-1010
Convert 70 (base 12) to base 15.
59
Convert 10 (base 4) to base 10.
4
What is -5 (base 14) in base 11?
-5
-28 (base 10) to base 13
-22
Convert -21 (base 13) to base 3.
-1000
What is -83 (base 11) in base 12?
-77
-2 (base 11) to base 8
-2
-7 (base 9) to base 6
-11
What is -4 (base 16) in base 7?
-4
-11 (base 2) to base 8
-3
-10 (base 6) to base 12
-6
0 (base 10) to base 3
0
41 (base 12) to base 3
1211
-a (base 14) to base 12
-a
Convert -2 (base 13) to base 14.
-2
What is -1312 (base 5) in base 16?
-cf
Convert 25 (base 15) to base 11.
32
Convert -10 (base 9) to base 16.
-9
What is 0 (base 5) in base 14?
0
Convert -a (base 16) to base 15.
-a
-311 (base 4) to base 15
-38
Convert 100 (base 4) to base 9.
17
What is -510 (base 7) in base 12?
-190
What is 4 (base 14) in base 15?
4
Convert -13 (base 9) to base 13.
-c
What is b (base 13) in base 9?
12
Convert 34 (base 5) to base 12.
17
Convert b (base 14) to base 11.
10
Convert 101 (base 2) to base 9.
5
Convert -2 (base 12) to base 8.
-2
-11 (base 8) to base 5
-14
Convert -1000001 (base 2) to base 4.
-1001
What is -3 (base 15) in base 6?
-3
What is -24 (base 6) in base 10?
-16
-4 (base 5) to base 12
-4
Convert 4 (base 7) to base 14.
4
10c (base 15) to base 3
22210
Convert c7 (base 14) to base 5.
1200
What is 50 (base 6) in base 13?
24
-13 (base 13) to base 4
-100
110 (base 3) to base 9
13
Convert 41 (base 7) to base 12.
25
Convert 6 (base 14) to base 12.
6
What is 3 (base 5) in base 3?
10
-11 (base 16) to base 14
-13
-5 (base 13) to base 11
-5
What is -2011 (base 4) in base 11?
-111
3 (base 16) to base 9
3
Convert 11 (base 2) to base 5.
3
Convert -1011 (base 3) to base 4.
-133
What is -14 (base 7) in base 6?
-15
Convert -2 (base 7) to base 13.
-2
121 (base 3) to base 16
10
What is 1 (base 14) in base 7?
1
Convert 0 (base 4) to base 8.
0
What is -2 (base 15) in base 10?
-2
-2 (base 3) to base 16
-2
Convert 1 (base 4) to base 5.
1
1 (base 4) to base 16
1
-7b (base 15) to base 8
-164
What is -10 (base 10) in base 3?
-101
What is -21 (base 14) in base 5?
-104
What is d (base 15) in base 13?
10
0 (base 7) to base 5
0
20 (base 4) to base 16
8
What is 153 (base 8) in base 6?
255
Convert -3033 (base 4) to base 5.
-1312
Convert -10 (base 3) to base 8.
-3
-2 (base 10) to base 14
-2
7 (base 10) to base 8
7
1 (base 2) to base 6
1
What is 0 (base 2) in base 6?
0
21 (base 8) to base 2
10001
-1 (base 9) to base 8
-1
What is -2 (base 16) in base 2?
-10
-126 (base 14) to base 13
-149
Convert 202 (base 4) to base 12.
2a
-11 (base 6) to base 7
-10
Convert -1000 (base 5) to base 16.
-7d
Convert -3 (base 5) to base 6.
-3
What is 0 (base 12) in base 6?
0
Convert 1 (base 4) to base 7.
1
87 (base 15) to base 5
1002
Convert 58 (base 12) to base 15.
48
-344 (base 5) to base 10
-99
44 (base 5) to base 8
30
What is 34 (base 5) in base 2?
10011
What is 31 (base 6) in base 13?
16
Convert -1011 (base 4) to base 10.
-69
Convert 3 (base 13) to base 11.
3
What is 5 (base 12) in base 8?
5
Convert -314 (base 6) to base 16.
-76
What is 1 (base 12) in base 14?
1
-6 (base 9) to base 14
-6
246 (base 10) to base 14
138
21 (base 8) to base 15
12
Convert 10100000 (base 2) to base 5.
1120
16 (base 12) to base 6
30
What is -12 (base 6) in base 11?
-8
a (base 16) to base 6
14
Convert -106 (base 11) to base 10.
-127
7 (base 15) to base 13
7
-1 (base 12) to base 2
-1
-